[INFO] cloning repository https://github.com/LoganDark/stackblur-iter
[INFO] running `Command { std: "git" "-c" "credential.helper=" "-c" "credential.helper=/workspace/cargo-home/bin/git-credential-null" "clone" "--bare" "https://github.com/LoganDark/stackblur-iter" "/workspace/cache/git-repos/https%3A%2F%2Fgithub.com%2FLoganDark%2Fstackblur-iter", kill_on_drop: false }`
[INFO] [stderr] Cloning into bare repository '/workspace/cache/git-repos/https%3A%2F%2Fgithub.com%2FLoganDark%2Fstackblur-iter'...
[INFO] running `Command { std: "git" "rev-parse" "HEAD", kill_on_drop: false }`
[INFO] [stdout] 9531280f4e57b12d1580c24ecdc8e4a155c3f6bd
[INFO] checking LoganDark/stackblur-iter against master#9610dfe5a9a731ced1ea4923ecbd0c57fe367898 for beta-170-4
[INFO] running `Command { std: "git" "clone" "/workspace/cache/git-repos/https%3A%2F%2Fgithub.com%2FLoganDark%2Fstackblur-iter" "/workspace/builds/worker-1-tc1/source", kill_on_drop: false }`
[INFO] [stderr] Cloning into '/workspace/builds/worker-1-tc1/source'...
[INFO] [stderr] done.
[INFO] validating manifest of git repo https://github.com/LoganDark/stackblur-iter on toolchain 9610dfe5a9a731ced1ea4923ecbd0c57fe367898
[INFO] running `Command { std: CARGO_HOME="/workspace/cargo-home" RUSTUP_HOME="/workspace/rustup-home" "/workspace/cargo-home/bin/cargo" "+9610dfe5a9a731ced1ea4923ecbd0c57fe367898" "metadata" "--manifest-path" "Cargo.toml" "--no-deps", kill_on_drop: false }`
[INFO] started tweaking git repo https://github.com/LoganDark/stackblur-iter
[INFO] finished tweaking git repo https://github.com/LoganDark/stackblur-iter
[INFO] tweaked toml for git repo https://github.com/LoganDark/stackblur-iter written to /workspace/builds/worker-1-tc1/source/Cargo.toml
[INFO] crate git repo https://github.com/LoganDark/stackblur-iter already has a lockfile, it will not be regenerated
[INFO] running `Command { std: CARGO_HOME="/workspace/cargo-home" RUSTUP_HOME="/workspace/rustup-home" "/workspace/cargo-home/bin/cargo" "+9610dfe5a9a731ced1ea4923ecbd0c57fe367898" "fetch" "--manifest-path" "Cargo.toml", kill_on_drop: false }`
[INFO] [stderr]     Updating crates.io index
[INFO] [stderr]     Updating git repository `https://github.com/LoganDark/stackblur`
[INFO] [stderr]  Downloading crates ...
[INFO] [stderr]   Downloaded imgref v1.9.2
[INFO] [stderr]   Downloaded blend-srgb v0.1.1
[INFO] [stderr]   Downloaded imgref-iter v0.4.0
[INFO] [stderr]   Downloaded unique v0.9.1
[INFO] running `Command { std: "docker" "create" "-v" "/var/lib/crater-agent-workspace/builds/worker-1-tc1/target:/opt/rustwide/target:rw,Z" "-v" "/var/lib/crater-agent-workspace/builds/worker-1-tc1/source:/opt/rustwide/workdir:ro,Z" "-v" "/var/lib/crater-agent-workspace/cargo-home:/opt/rustwide/cargo-home:ro,Z" "-v" "/var/lib/crater-agent-workspace/rustup-home:/opt/rustwide/rustup-home:ro,Z" "-e" "SOURCE_DIR=/opt/rustwide/workdir" "-e" "CARGO_TARGET_DIR=/opt/rustwide/target" "-e" "CARGO_HOME=/opt/rustwide/cargo-home" "-e" "RUSTUP_HOME=/opt/rustwide/rustup-home" "-w" "/opt/rustwide/workdir" "-m" "1610612736" "--user" "0:0" "--network" "none" "ghcr.io/rust-lang/crates-build-env/linux@sha256:5ff2268d62e97bff2cde7d5815dd6ed5b47097566f13b8d0ca110b04b60e07ed" "/opt/rustwide/cargo-home/bin/cargo" "+9610dfe5a9a731ced1ea4923ecbd0c57fe367898" "metadata" "--no-deps" "--format-version=1", kill_on_drop: false }`
[INFO] [stdout] 676777883abcdfdb7cea877803a5c20078c5825abc1c7caeacbe3949e7e88a2d
[INFO] running `Command { std: "docker" "start" "-a" "676777883abcdfdb7cea877803a5c20078c5825abc1c7caeacbe3949e7e88a2d", kill_on_drop: false }`
[INFO] running `Command { std: "docker" "inspect" "676777883abcdfdb7cea877803a5c20078c5825abc1c7caeacbe3949e7e88a2d", kill_on_drop: false }`
[INFO] running `Command { std: "docker" "rm" "-f" "676777883abcdfdb7cea877803a5c20078c5825abc1c7caeacbe3949e7e88a2d", kill_on_drop: false }`
[INFO] [stdout] 676777883abcdfdb7cea877803a5c20078c5825abc1c7caeacbe3949e7e88a2d
[INFO] running `Command { std: "docker" "create" "-v" "/var/lib/crater-agent-workspace/builds/worker-1-tc1/target:/opt/rustwide/target:rw,Z" "-v" "/var/lib/crater-agent-workspace/builds/worker-1-tc1/source:/opt/rustwide/workdir:ro,Z" "-v" "/var/lib/crater-agent-workspace/cargo-home:/opt/rustwide/cargo-home:ro,Z" "-v" "/var/lib/crater-agent-workspace/rustup-home:/opt/rustwide/rustup-home:ro,Z" "-e" "SOURCE_DIR=/opt/rustwide/workdir" "-e" "CARGO_TARGET_DIR=/opt/rustwide/target" "-e" "CARGO_INCREMENTAL=0" "-e" "RUST_BACKTRACE=full" "-e" "RUSTFLAGS=--cap-lints=forbid" "-e" "RUSTDOCFLAGS=--cap-lints=forbid" "-e" "CARGO_HOME=/opt/rustwide/cargo-home" "-e" "RUSTUP_HOME=/opt/rustwide/rustup-home" "-w" "/opt/rustwide/workdir" "-m" "1610612736" "--user" "0:0" "--network" "none" "ghcr.io/rust-lang/crates-build-env/linux@sha256:5ff2268d62e97bff2cde7d5815dd6ed5b47097566f13b8d0ca110b04b60e07ed" "/opt/rustwide/cargo-home/bin/cargo" "+9610dfe5a9a731ced1ea4923ecbd0c57fe367898" "check" "--frozen" "--all" "--all-targets" "--message-format=json", kill_on_drop: false }`
[INFO] [stdout] ac0b710a9c55669ed0dc795865a1e83ef113ca21db2011540e7730443e99bcad
[INFO] running `Command { std: "docker" "start" "-a" "ac0b710a9c55669ed0dc795865a1e83ef113ca21db2011540e7730443e99bcad", kill_on_drop: false }`
[INFO] [stderr]     Checking either v1.7.0
[INFO] [stderr]     Checking imgref v1.9.2
[INFO] [stderr]     Checking iai v0.1.1
[INFO] [stderr]     Checking itertools v0.10.3
[INFO] [stderr]     Checking imgref-iter v0.4.0
[INFO] [stderr]     Checking stackblur-iter v0.2.0 (/opt/rustwide/workdir)
[INFO] [stderr]     Checking stackblur v0.1.0 (https://github.com/LoganDark/stackblur?branch=larger-radius#3c8ae04e)
[INFO] [stdout] error[E0432]: unresolved imports `stackblur_iter::simd_blur_argb`, `stackblur_iter::simd_blur_srgb`
[INFO] [stdout]   --> benches/iai_simd.rs:13:22
[INFO] [stdout]    |
[INFO] [stdout] 13 | use stackblur_iter::{simd_blur_argb, simd_blur_srgb};
[INFO] [stdout]    |                      ^^^^^^^^^^^^^^  ^^^^^^^^^^^^^^ no `simd_blur_srgb` in the root
[INFO] [stdout]    |                      |
[INFO] [stdout]    |                      no `simd_blur_argb` in the root
[INFO] [stdout] 
[INFO] [stdout] 
[INFO] [stdout] error[E0425]: cannot find function `blur_srgb` in crate `stackblur_iter`
[INFO] [stdout]    --> benches/iai.rs:17:37
[INFO] [stdout]     |
[INFO] [stdout] 17  | fn blur_srgb_16() { stackblur_iter::blur_srgb(&mut img(), 16) }
[INFO] [stdout]     |                                     ^^^^^^^^^ help: a function with a similar name exists: `blur_argb`
[INFO] [stdout]     |
[INFO] [stdout]    ::: /opt/rustwide/workdir/src/lib.rs:245:1
[INFO] [stdout]     |
[INFO] [stdout] 245 | pub fn blur_argb(buffer: &mut ImgRefMut<u32>, radius: usize) {
[INFO] [stdout]     | ------------------------------------------------------------ similarly named function `blur_argb` defined here
[INFO] [stdout] 
[INFO] [stdout] 
[INFO] [stdout] error[E0425]: cannot find function `blur_srgb` in crate `stackblur_iter`
[INFO] [stdout]    --> benches/iai.rs:18:38
[INFO] [stdout]     |
[INFO] [stdout] 18  | fn blur_srgb_128() { stackblur_iter::blur_srgb(&mut img(), 128) }
[INFO] [stdout]     |                                      ^^^^^^^^^ help: a function with a similar name exists: `blur_argb`
[INFO] [stdout]     |
[INFO] [stdout]    ::: /opt/rustwide/workdir/src/lib.rs:245:1
[INFO] [stdout]     |
[INFO] [stdout] 245 | pub fn blur_argb(buffer: &mut ImgRefMut<u32>, radius: usize) {
[INFO] [stdout]     | ------------------------------------------------------------ similarly named function `blur_argb` defined here
[INFO] [stdout] 
[INFO] [stdout] 
[INFO] [stdout] error[E0425]: cannot find function `blur_srgb` in crate `stackblur_iter`
[INFO] [stdout]    --> benches/iai.rs:19:39
[INFO] [stdout]     |
[INFO] [stdout] 19  | fn blur_srgb_1024() { stackblur_iter::blur_srgb(&mut img(), 1024) }
[INFO] [stdout]     |                                       ^^^^^^^^^ help: a function with a similar name exists: `blur_argb`
[INFO] [stdout]     |
[INFO] [stdout]    ::: /opt/rustwide/workdir/src/lib.rs:245:1
[INFO] [stdout]     |
[INFO] [stdout] 245 | pub fn blur_argb(buffer: &mut ImgRefMut<u32>, radius: usize) {
[INFO] [stdout]     | ------------------------------------------------------------ similarly named function `blur_argb` defined here
[INFO] [stdout] 
[INFO] [stdout] 
[INFO] [stdout] error: aborting due to 3 previous errors
[INFO] [stdout] 
[INFO] [stdout] 
[INFO] [stdout] For more information about this error, try `rustc --explain E0425`.
[INFO] [stdout] 
[INFO] [stderr] error: could not compile `stackblur-iter` (bench "iai") due to 4 previous errors
[INFO] [stderr] warning: build failed, waiting for other jobs to finish...
[INFO] [stdout] error: aborting due to previous error
[INFO] [stdout] 
[INFO] [stdout] 
[INFO] [stdout] For more information about this error, try `rustc --explain E0432`.
[INFO] [stdout] 
[INFO] [stderr] error: could not compile `stackblur-iter` (bench "iai_simd") due to 2 previous errors
[INFO] running `Command { std: "docker" "inspect" "ac0b710a9c55669ed0dc795865a1e83ef113ca21db2011540e7730443e99bcad", kill_on_drop: false }`
[INFO] running `Command { std: "docker" "rm" "-f" "ac0b710a9c55669ed0dc795865a1e83ef113ca21db2011540e7730443e99bcad", kill_on_drop: false }`
[INFO] [stdout] ac0b710a9c55669ed0dc795865a1e83ef113ca21db2011540e7730443e99bcad
